(-12)/42 is divided by q(s)?
18
Let o(q) = -q**3 + 8*q**2 + 3*q + 65. Let d = -2 - -2. Suppose -3*a + 56 = 4*p, d*a - 3*a + 55 = 5*p. What is the remainder when a is divided by o(9)?
9
Let f = -142 + 250. Calculate the remainder when f is divided by 11.
9
Let i = 462 - 372. Calculate the remainder when i is divided by 33.
24
Suppose 6*a - 112 = -8*a. Calculate the remainder when 11 is divided by a.
3
Suppose -3*b + 0 = 3. Let a be b/1 + 1 - -13. Suppose -s - a = -21. Calculate the remainder when 28 is divided by s.
4
Suppose -30*w + 0*w = -960. Suppose -39 = -x - 2*x - 3*u, u - 22 = -2*x. Calculate the remainder when w is divided by x.
5
Suppose -15 = 3*f + 9. Let s = 13 + f. Suppose 0 = s*c, 4*c - 3*c + 268 = 4*g. Calculate the remainder when g is divided by 23.
21
Let w = -775 - -850. Calculate the remainder when 823 is divided by w.
73
Suppose 0 = -u + 5*b, -b - 96 = -0*u - 5*u. Suppose 0*t - 3*t = -174. Calculate the remainder when t is divided by u.
18
Suppose -53*v + 406 = 5*v. Let u(y) = y - 3. Suppose 7*b - 25 = 2*b. Calculate the remainder when v is divided by u(b).
1
What is the remainder when (-5)/15 + 4810/30 is divided by 13?
4
Let s = 35 - 35. Let f = 46 - s. Calculate the remainder when f is divided by 18.
10
Let u = -1 - -20. Let p(a) = 8*a - 3. Let r(v) = v + 10. Let i be r(-5). What is the remainder when p(i) is divided by u?
18
Let i(u) = 3*u**2. Let m be i(1). Suppose -f + 161 = 5*b, 0*b + 45 = b - m*f. Let n(a) = a**2 - 4*a + 4. Calculate the remainder when b is divided by n(5).
6
Let p = -318 + 321. Calculate the remainder when 4 is divided by p.
1
Suppose -3*r + 2*r = 1. Calculate the remainder when (r - 6/3)*-11 is divided by 9.
6
Calculate the remainder when (12/(-9))/(11/(-627)) is divided by 40.
36
Let q(w) = 57*w + 11. Let z(v) = 19*v + 4. Let t(h) = 4*q(h) - 11*z(h). Let k be t(4). Suppose 3*g = -g + k. What is the remainder when g is divided by 5?
4
Let n(q) = 5*q + 17. Let j be n(-8). Suppose 4*c + 178 = 5*i, -i + 144 = 3*i - 4*c. Let z = i + j. What is the remainder when 20 is divided by z?
9
Let z(k) = 3*k**2 - 2*k + 12. Let n be z(0). Suppose -4*s + 21 = 3*f, 4*s - f + 2*f - 15 = 0. Calculate the remainder when (n/s)/(4/48) is divided by 17.
14
Let m = 42 + -38. Suppose 0*j - j + m*z = 8, j = 3*z - 4. Calculate the remainder when 29 is divided by j.
5
Suppose -146 = 4*a + 5*s, 3*s - 199 = 5*a + s. Let n = -22 - a. What is the remainder when 38 is divided by n?
4
Let y = -199 - -204. Calculate the remainder when y is divided by 2.
1
Suppose 101*w + 90 = 111*w. Calculate the remainder when 320 is divided by w.
5
Let q(y) = 24*y - 9. Let j = 0 - -3. Suppose -o + 40 = 4*k + o, 0 = -j*o + 12. Calculate the remainder when q(1) is divided by k.
7
Let v(a) = -4*a**2 - 8*a - 2 - 1 + 2*a**3 + 3. Calculate the remainder when v(4) is divided by 7.
4
Let s(a) be the first derivative of 5*a**2 - 5*a + 2*a**3 - 1/4*a**4 + 4. What is the remainder when s(7) is divided by 9?
7
Suppose 5*p - 9*p + 8 = 0. Suppose 107 = 2*u - 3*h, -h + 0*h - 101 = -p*u. What is the remainder when u is divided by 26?
23
Let n = 362 + -349. Let s(m) = 2*m**2 + 2*m - 1. Let o be 1/(-1 + 8/6). What is the remainder when s(o) is divided by n?
10
Suppose -7*m - 53 = -8*m. What is the remainder when 105 is divided by m?
52
Let a(g) = g**3 + 7*g**2 + g + 1. Let n be a(-7). Let y(w) = -15*w + 3. What is the remainder when y(n) is divided by 12?
9
Suppose 0 = -14*t + 730 + 306. What is the remainder when t is divided by 20?
14
Calculate the remainder when (-155)/(-3) - (-4)/((-12)/5) is divided by 3.
2
Suppose 3*q = 4*k + 913, 4*q - 29*k + 25*k = 1224. Calculate the remainder when q is divided by 78.
77
Suppose 97 = 2*w - 35. Let b = w - 18. What is the remainder when 239 is divided by b?
47
Let n(v) = -3*v**2 - 109*v - 952. Calculate the remainder when 3/((-6)/70)*-1 is divided by n(-21).
7
Calculate the remainder when (-136)/(-3) + (-40)/(-60) is divided by 17.
12
Let f be (-2)/(-2) - -7 - 1. Let w be 2/7 + 719/f. Let i = w + -41. What is the remainder when i is divided by 16?
14
What is the remainder when 7 + -1 + (-16 - -237) is divided by 76?
75
Let m = -53 + 68. Calculate the remainder when ((-3)/(-1))/9 + 3175/m is divided by 43.
40
Let f(l) = l + 46. Let j be f(0). Let u = -493 - -496. Suppose 0 = r + 2*y - 10, y = -u*r - y + j. Calculate the remainder when 51 is divided by r.
15
Let m(s) = -s**3 + 15*s**2 - 24*s - 15. Let f be m(13). Let z(h) = 2*h - 7. What is the remainder when 43 is divided by z(f)?
13
Suppose -4*d - 104 = -2*p, 5*p + 0*d + 2*d - 248 = 0. Suppose -4*k - 77*q = -76*q - 1190, 0 = 4*k - 5*q - 1226. What is the remainder when k is divided by p?
49
Let b(a) = a**3 + 5*a**2 - 3*a - 6. Suppose -4*z = -60 - 44. What is the remainder when z is divided by b(-5)?
8
Suppose -2*b + 5*t = 1, -3*b + 34 = -8*b + 2*t. What is the remainder when b/(-6)*(-1392)/(-32) is divided by (-155)/(-10) + (-2)/4?
13
Let k(m) = 5*m - 368. What is the remainder when 377 is divided by k(80)?
25
Let g(f) = 17*f + 4. Let w be g(-5). Let u = 138 + w. Calculate the remainder when u is divided by 12.
9
Let n = 224 + -216. What is the remainder when 150 is divided by n?
6
Suppose -5*k + 40 = u, 0*u + k = -5*u + 128. Let v = u - 14. Let w = -2507 + 2511. What is the remainder when v is divided by w?
3
Let m = 10 - 2. Suppose -25 = -a - m. Suppose 0 = -3*i - i - 3*s + 36, -5*s = 0. What is the remainder when a is divided by i?
8
Let r(w) = -2*w**3 + w**2 + 1. Let t be r(2). Let g = t + 26. Calculate the remainder when g/2*30/9 is divided by 14.
11
Suppose -4*d + 5*z - 222 = 0, d = -3*z + z - 62. Let g = 99 + d. Let l = -28 + g. Calculate the remainder when 49 is divided by l.
10
Let x(y) = y + 265. What is the remainder when x(-28) is divided by 61?
54
Let c = 56 - 18. Suppose -2*w = -0*w + w. Suppose -5*g + 90 = 5*s - w*g, -g = -5. What is the remainder when c is divided by s?
12
What is the remainder when -12 + 182 + -8 + 8 is divided by 35?
30
Let g = 1123 + -1104. Calculate the remainder when 45 is divided by g.
7
Let t(y) = y**3 - 6*y**2 + 5*y + 12. Let w(k) = -k - 1. Let d be w(-6). Calculate the remainder when 83 is divided by t(d).
11
Suppose 0 = -5*s + 201 + 109. Let g = s - 49. What is the remainder when 38 is divided by g?
12
Let b(p) = p**2 - 2*p - 1. Let v = 756 - 750. What is the remainder when v is divided by b(3)?
0
Let q(v) = 6*v + 5. What is the remainder when q(6) is divided by (576/128)/((-9)/(-42))?
20
Let z = -91 + 76. What is the remainder when 0 + (-5)/(z/159) is divided by 9?
8
Suppose 9*v = 4*v + 35. Suppose -105 + v = -2*b. What is the remainder when b is divided by 25?
24
Let l(a) = -a**3 - 11*a**2 + 11*a + 2. Let d be l(-12). Let q = -13 + d. What is the remainder when 6 is divided by q?
0
Suppose o - 2 = 1. Suppose 2*z - 98 = -o*t, -100 = -4*t + z + 49. Suppose 4*q = -0*q + t. What is the remainder when 33 is divided by q?
6
Suppose -7*m + 9*m + 2325 = 5*k, -m = -5. Suppose -9*x - k + 1214 = 0. What is the remainder when x is divided by 18?
11
Let u = -85 + 220. Suppose -39 = i - u. Suppose 4*w = -4*g + w + 104, -w + i = 4*g. Calculate the remainder when 68 is divided by g.
22
Let k be ((-12)/(-15))/((-6)/(-15)). Suppose -5*h + 3*l + 3 = 0, -3*l - 4 = -k*h + l. Suppose -2*i + 50 = -h*i. What is the remainder when i is divided by 14?
11
Let b(s) = -6*s + 440. Calculate the remainder when b(54) is divided by 40.
36
Let j = -317 - -690. Calculate the remainder when j is divided by 34.
33
What is the remainder when 9/(-60)*4 - (-4569)/15 is divided by 63?
52
Let g(s) = 12*s + 1. Let n be g(1). Let y = n - 3. Suppose 3*h - 70 = -4*b + 29, 2*h = 3*b - 87. Calculate the remainder when b is divided by y.
7
Let v(p) = 2*p + 506. What is the remainder when v(-35) is divided by 22?
18
Let m = -17 + 31. Let o(n) = 3*n - 34. Let w be o(12). Suppose -k + 6*k + w*b = 15, 3*k + 5 = -4*b. What is the remainder when m is divided by k?
4
Let l = -43 - -44. What is the remainder when 3/(-1 - -4) + 0 is divided by l?
0
Suppose 3*m - 5*v - 33 = 0, 6*v = -2*m + 4*v + 22. Let q(g) = g**3 - 10*g**2 - 9*g - 2. Calculate the remainder when q(m) is divided by 3.
2
Let k = -110 + 123. Suppose -58 = -2*p - 5*d, -2*p + 2*d + 78 = -3*d. Calculate the remainder whe